-r**2 - 14*r - 44. Determine f(-10).
-4
Let r(p) = p**2 - 7*p + 2. Give r(6).
-4
Let t(l) = 3*l - 6. Give t(-3).
-15
Let l(p) = -p - 17. What is l(-14)?
-3
Let f(g) = -g**2 - 3*g + 19. Determine f(-6).
1
Let n(g) = g**2 + 12*g + 5. Calculate n(-11).
-6
Let k(j) = -81*j + 642. Calculate k(8).
-6
Let n(h) = -4*h**3 + 2*h**2 - h + 5. Give n(2).
-21
Let a(j) = j**3 + 3*j**2 + 5*j - 6. What is a(-3)?
-21
Let a(m) = 3*m - 7. Calculate a(5).
8
Let a(s) = -2*s**3 - 35*s**2 - 47*s + 31. Give a(-16).
15
Let i(p) = -2*p**2 + 2*p + 1. What is i(-1)?
-3
Let h(i) = 2*i**2 + 26*i + 72. Give h(-10).
12
Let t(v) = v**2 + 7*v - 2. Determine t(-6).
-8
Let t(s) = -15*s - 25. Determine t(-2).
5
Let d(r) = r**2 - 21*r + 34. Calculate d(19).
-4
Let s(p) = p**3 - 8*p**2 + 7*p - 3. Calculate s(7).
-3
Let u(z) = -z**3 + z**2 - 4*z + 6. Calculate u(0).
6
Let f(o) = 7*o + 4. Determine f(4).
32
Let a(v) = 11*v - 76. Determine a(6).
-10
Let j(x) = 12*x - 162. What is j(13)?
-6
Let t(w) = -w**3 - 12*w**2 - 2*w + 10. Calculate t(-11).
-89
Let l(u) = 12*u + 28. Determine l(-4).
-20
Let q(i) = 2*i**3 + i. Calculate q(-1).
-3
Let y(w) = -2*w**3 - 3*w**2 - w - 3. Determine y(-3).
27
Let o(a) = -a**3 + 4*a**2 + 5*a - 15. Calculate o(5).
-15
Let o(p) = -2*p**3 - 3*p**2 + 8*p - 3. Determine o(2).
-15
Let u(r) = r**3 + 4*r**2 + r + 4. What is u(-4)?
0
Let n(a) = -a**3 - 13*a**2 + 340*a - 31. Determine n(13).
-5
Let j(w) = w**2 - 8*w + 5. Give j(10).
25
Let v(c) = 5*c - 5. Determine v(-7).
-40
Let h(d) = -4*d - 3. Calculate h(-2).
5
Let o(s) = s**3 + 3*s**2 + 5*s + 5. Calculate o(-2).
-1
Let k(p) = -p**2 + 9*p + 14. What is k(10)?
4
Let o(j) = 64*j - 1. What is o(-1)?
-65
Let s(y) = 3*y - 23. Calculate s(7).
-2
Let x(t) = -t**2 - t - 12. Calculate x(0).
-12
Let l(p) = p**3 - 10*p**2 + 7*p + 8. Calculate l(10).
78
Let g(s) = 3*s**2 + 40*s + 112. Give g(-9).
-5
Let z(r) = -r**3 - 13*r**2 - r - 5. Give z(-13).
8
Let i(n) = -2*n**2 - 47*n + 120. Determine i(-26).
-10
Let k(t) = t**2 + 6*t + 2. Give k(-8).
18
Let y(q) = -7*q + 22. Give y(7).
-27
Let z(m) = m**3 - 5*m**2 + 3*m - 16. Calculate z(6).
38
Let a(k) = -5*k**3 - 25*k**2 - 2*k - 7. What is a(-5)?
3
Let s(h) = h**3 + 6*h**2 + 11*h - 2. Calculate s(-3).
-8
Let w(s) = -2*s - 7. Determine w(-5).
3
Let n(t) = t**2 - 2*t. What is n(3)?
3
Let a(f) = 3*f - 76. Determine a(11).
-43
Let l(u) = -u**2 - 59*u - 400. Calculate l(-8).
8
Let b(k) = -k**2 + 19*k + 94. What is b(23)?
2
Let x(m) = 16*m**2 - 3*m. Give x(2).
58
Let j(c) = -c**3 - 10*c**2 + 2*c + 3. Calculate j(-10).
-17
Let z(f) = f**2 + 12*f + 18. Determine z(-10).
-2
Let m(f) = -f**2 - 9*f - 15. Calculate m(-8).
-7
Let l(m) = 13*m - 7. Determine l(-8).
-111
Let s(o) = -2*o**2 + o + 41. Give s(-6).
-37
Let z(h) = -28*h + 410. Give z(15).
-10
Let o(i) = -i + 6. Give o(-9).
15
Let r(p) = -p + 2. Calculate r(1).
1
Let v(b) = -5*b**2 - b + 7. What is v(4)?
-77
Let z(p) = 15*p**2 - p. What is z(-1)?
16
Let s(m) = 6*m**2 + 14*m + 6. What is s(-4)?
46
Let v(y) = y**2 - 2*y - 7. Calculate v(3).
-4
Let t(v) = -v**2 + 7*v - 3. Give t(5).
7
Let u(q) = -9*q - 18. Calculate u(0).
-18
Let x(b) = b**3 + 6*b**2 + 3*b + 9. Give x(-6).
-9
Let c(m) = -m**3 - 8*m**2 + 4*m - 1. Give c(-8).
-33
Let q(y) = -2*y - 11. Give q(17).
-45
Let z(w) = w**3 - 16*w**2 + w + 12. What is z(16)?
28
Let p(i) = -i**2 - 2*i + 16. Give p(0).
16
Let y(i) = -i**2 - 18*i - 9. What is y(-18)?
-9
Let v(c) = -2*c**2 + 41*c + 15. Determine v(21).
-6
Let d(b) = -2*b**2 + 4. Give d(-4).
-28
Let j(t) = t**3 - 4*t**2 - 2*t + 3. Determine j(3).
-12
Let v(t) = -t**2 - 2*t + 3. Give v(0).
3
Let f(d) = 2*d**3 - d**2 - 3*d - 2. What is f(-2)?
-16
Let h(c) = -c**3 + 7*c**2 - 4*c - 7. What is h(6)?
5
Let w(l) = l + 7. Determine w(3).
10
Let w(v) = -10*v + 39. Determine w(4).
-1
Let c(y) = 16*y + 16. Give c(5).
96
Let d(k) = 3*k + 4. Determine d(7).
25
Let a(y) = -4*y**2 + y. What is a(2)?
-14
Let w(h) = h**2 - h - 3. Calculate w(0).
-3
Let y(p) = 2*p + 17. Determine y(-16).
-15
Let u(p) = 5*p + 196. Determine u(-40).
-4
Let d(p) = -p**2 - 14*p + 13. Calculate d(-13).
26
Let w(y) = y**3 - 10*y**2 + 9*y - 7. Determine w(9).
-7
Let m(v) = v**2 - 9*v. Determine m(9).
0
Let s(z) = -22*z - 502. Determine s(-23).
4
Let c(d) = d**3 + 2*d**2 + 4*d - 1. Give c(-2).
-9
Let n(s) = -13*s - 3. Calculate n(-1).
10
Let m(i) = 3*i**2 + 67*i + 17. Give m(-22).
-5
Let k(p) = -13*p**2 + 66*p - 1. Give k(5).
4
Let x(c) = -18*c + 74. Give x(5).
-16
Let m(a) = a**3 + 3*a**2 - 3*a - 4. What is m(-3)?
5
Let c(s) = s**3 - 6*s**2 - 4*s + 8. Calculate c(6).
-16
Let h(k) = 2*k + 12. Calculate h(-12).
-12
Let d(a) = -a - 12. What is d(0)?
-12
Let o(q) = -12*q - 50. Give o(7).
-134
Let c(m) = 3*m + 5. Calculate c(-7).
-16
Let w(d) = d**3 + 9*d**2 + 7*d - 9. Give w(-8).
-1
Let t(f) = -26*f - 87. Give t(-3).
-9
Let h(g) = 2*g**2 + 6*g - 3. Calculate h(-4).
5
Let f(z) = -4*z - 2. Give f(2).
-10
Let s(y) = -5*y + 14. Determine s(3).
-1
Let a(d) = 11*d + 231. Calculate a(-21).
0
Let b(l) = -12*l - 1. Give b(3).
-37
Let k(d) = -12*d + 37. What is k(-6)?
109
Let p(v) = -v**3 - 27*v**2 - 25*v - 6. Calculate p(-26).
-32
Let j(f) = -5*f - 214. Give j(-44).
6
Let x(c) = 19*c + 143. Determine x(-7).
10
Let y(t) = t - 1. What is y(-5)?
-6
Let m(y) = -y**3 - 8*y**2 - 8*y - 4. What is m(-7)?
3
Let a(b) = -b**3 + 5*b**2 - 5*b. Determine a(3).
3
Let h(s) = s**2 - 4*s - 2. Give h(-5).
43
Let p(f) = -f**3 + 3*f**2 + 2*f + 8. Give p(0).
8
Let n(l) = 3*l**2 - 39*l - 5. Calculate n(13).
-5
Let y(t) = -t**2 + 20*t - 64. What is y(16)?
0
Let z(a) = 3*a**2 - 66*a - 67. Determine z(-1).
2
Let l(r) = -2*r**2 + 32*r + 2. Calculate l(16).
2
Let f(g) = -g**3 + 8*g**2 + 3*g - 9. Determine f(8).
15
Let z(d) = d**3 - 19*d**2 + 17*d. Determine z(18).
-18
Let i(t) = -t + 1. Give i(-7).
8
Let t(f) = -f + 35. Give t(-11).
46
Let c(x) = x - 1. Determine c(-1).
-2
Let s(y) = y**3 - 4*y**2 - 23*y + 20. Give s(7).
6
Let a(w) = -w**3 - 5*w**2 + 7*w + 2. Give a(-7).
51
Let g(d) = d**2 - 9*d + 10. What is g(5)?
-10
Let i(c) = c + 17. What is i(-31)?
-14
Let c(t) = 6*t + 13. Give c(6).
49
Let a(l) = -l**3 + 6*l**2 - 23*l + 148. Determine a(6).
10
Let i(f) = -3*f**2 - f + 2. Give i(-2).
-8
Let t(c) = 4*c + 10. Determine t(-5).
-10
Let q(x) = x**2 + 2*x - 18. Determine q(0).
-18
Let i(t) = -58*t + 167. Calculate i(3).
-7
Let v(x) = 2*x + 9. What is v(4)?
17
Let s(m) = 17*m**2 - 253*m - 24. What is s(15)?
6
Let h(y) = -y**3 - 8*y**2 + y + 10. What is h(-8)?
2
Let d(h) = -10*h - 63. What is d(-7)?
7
Let w(j) = -114*j**2 + j - 3. Calculate w(1).
-116
Let k(p) = -3*p**2 - 3*p. What is k(-3)?
-18
Let o(n) = -n**3 + 9*n**2 + 39*n - 22. What is o(12)?
14
Let w(r) = r**2 - 3*r - 14. Calculate w(-4).
14
Let y(q) = 6*q - 152. What is y(26)?
4
Let a(k) = 7*k**2 - 6*k - 7. Give a(2).
9
Let s(t) = t**3 + 4*t**2 + 2*t + 6. Determine s(-4).
-2
Let c(d) = -d**2 + 6*d + 7. What is c(5)?
12
Let u(w) = -7*w**2 - 2*w. Calculate u(-1).
-5
Let r(l) = l - 3. What is r(8)?
5
Let a(u) = u**2 + 3*u - 40. Give a(5).
0
Let j(u) = -u**2 + u - 16. What is j(4)?
-28
Let s(l) = -l + 19. Calculate s(3).
16
Let b(f) = -f**2 - 5*f - 2. Calculate b(-5).
-2
Let a(t) = 219*t + 661. Give a(-3).
4
Let p(k) = k**3 - 9*k**2 - 26*k - 10. Calculate p(11).
-54
Let x(i) = -i**2 - 32*i - 71. Determine x(-30).
-11
Let x(d) = d**2 - 13*d - 18. What is x(15)?
12
Let u(q) = 12*q**2 - 2*q + 2. What is u(1)?
12
Let t(w) = -w**3 - 14*w**2 + 32*w + 35. Calculate t(-16).
35
Let d(p) = -p**3 - 4*p**2 - p + 2. What is d(-3)?
-4
Let f(g) = 21*g + 12. What is f(-1)?
-9
Let z(l) = 60*l + 487. Calculate z(-8).
7
Let j(w) = 2*w + 34. Determine j(-6).
22
Let n(z) = -z**3 - 16*z**2 - 13*z + 24. Calculate n(-15).
-6
Let v(n) = 2*n**2 + 6*n - 4. What is v(-3)?
-4
Let d(x) = 6*x**2 - x. Give d(-2).
26
Let i(j) = -22*j**2 - 2*j + 3. Calculate i(2).
-89
Let r(a) = a**3 - 6*a**2 + 4*a - 10. Give r(6).
14
Let c(s) = -5*s + 1. Calculate c(4).
-19
Let v(n) = n + 1. Give v(1).
2
Let j(u) = u**2 - 4*u - 1. What is j(5)?
4
Let u(t) = t**2 + 7*t + 10. Give u(-7).
10
Let u(h) = -h**3 - 11*h**2 + 13*h + 20. Determine u(-12).
8
Let w(p) = -p**2 - 2*p + 5. Give w(0).
5
Let d(w) = w**2 - 15*w + 16. Determine d(12).
-20
Let l(g) = -g**3 + 27*g**2 - 72*g + 6. Calculate l(24).
6
Let w(d) = d**3 -